170. Give b(0).
170
Let f(c) = -c**2 - c + 8. What is f(-4)?
-4
Let m(x) = x**3 + 32*x**2 - 31*x + 51. Give m(-33).
-15
Let j(n) = -13*n**3 - 2*n**2 + 13*n + 14. Give j(-1).
12
Let q(u) = u**2 + 21*u + 14. Give q(-17).
-54
Let k(v) = -v**2 + 18*v - 19. What is k(16)?
13
Let n(j) = -2*j**2 - 9*j + 2. Calculate n(-8).
-54
Let c(z) = z**3 + 13*z**2 - 16*z + 7. Determine c(-14).
35
Let q(v) = v**2 + 6*v - 18. What is q(-7)?
-11
Let g(m) = 6*m - 23. Calculate g(5).
7
Let w(g) = g**2 + 10*g - 11. What is w(-10)?
-11
Let y(z) = -z**3 + 9*z**2 - 2*z - 10. Determine y(7).
74
Let j(b) = -13*b - 355. What is j(-27)?
-4
Let t(d) = -4*d + 79. Determine t(28).
-33
Let d(o) = o + 18. Give d(0).
18
Let l(g) = -g**3 + 14*g**2 - 28*g + 18. Give l(12).
-30
Let i(q) = -q**3 - 14*q**2 - q - 15. Calculate i(-14).
-1
Let o(b) = -7*b + 44. Calculate o(7).
-5
Let y(d) = 2*d**2 - 40*d + 31. Calculate y(19).
-7
Let z(s) = 3*s + 23. Give z(-11).
-10
Let b(a) = a**3 - 7. Determine b(0).
-7
Let q(c) = -2*c**3 - 94*c**2 + 96*c + 4. Calculate q(-48).
4
Let a(c) = -c**3 - 4*c**2 + 6*c - 4. What is a(-5)?
-9
Let v(r) = r**3 - 24*r**2 - 4*r + 36. Calculate v(24).
-60
Let u(g) = g. Give u(-11).
-11
Let u(x) = -x**3 + 6*x**2 + 7*x + 9. Calculate u(7).
9
Let u(a) = -a - 6. Determine u(-6).
0
Let k(i) = i**2 - 10*i - 2. What is k(7)?
-23
Let y(f) = f**2 + 14*f + 3. Calculate y(-13).
-10
Let r(u) = -u**2 - 16*u - 7. Give r(-14).
21
Let c(n) = -24*n - 17. What is c(-4)?
79
Let w(z) = z**2 - 23*z + 48. Determine w(20).
-12
Let d(b) = -2*b**2 - 2*b + 9. Calculate d(4).
-31
Let b(h) = 2*h**3 + 10*h**2 + h - 1. What is b(-5)?
-6
Let j(z) = 8*z**2 + z - 2. Give j(2).
32
Let x(o) = -2*o + 9. What is x(4)?
1
Let a(z) = -27*z**2. Give a(1).
-27
Let t(g) = -132*g**3 - 2*g**2 - 2*g + 3. What is t(1)?
-133
Let o(y) = 9*y + 21. Determine o(5).
66
Let d(c) = c**3 + 8*c**2 - c + 2. What is d(-8)?
10
Let f(q) = 3*q**2 - 44*q + 28. Calculate f(14).
0
Let w(q) = -q + 2. Determine w(-5).
7
Let h(k) = -2*k**2 + 18*k - 21. Calculate h(8).
-5
Let p(u) = -u**2 + 13*u - 22. Calculate p(14).
-36
Let i(p) = p**3 + 3*p**2 + 3*p - 12. Calculate i(-5).
-77
Let h(m) = -6*m**3 - 4*m**2 - 3*m. Calculate h(-1).
5
Let f(u) = -u**2 - 12*u - 27. Determine f(-7).
8
Let q(b) = 10*b**3 + 2*b**2. Calculate q(2).
88
Let r(b) = -20*b. What is r(1)?
-20
Let y(h) = -h**2 + 10*h - 29. Determine y(6).
-5
Let v(m) = -4*m + 7. What is v(-9)?
43
Let j(s) = 6*s + 13. Determine j(14).
97
Let r(y) = y**3 + 17*y**2 - 36*y + 31. Give r(-19).
-7
Let w(o) = -o**3 + 37*o**2 + 79*o - 64. Give w(39).
-25
Let s(p) = -p**2 - 6*p + 8. Calculate s(-8).
-8
Let a(t) = t**3 + 19*t**2 - t - 23. What is a(-19)?
-4
Let n(k) = 4*k - 19. Calculate n(-16).
-83
Let f(i) = -2*i**3 + i**2 - 4. Calculate f(-2).
16
Let k(t) = -t**2 - 7*t - 7. What is k(-7)?
-7
Let z(d) = d**3 - 16*d**2 - d + 9. What is z(16)?
-7
Let b(v) = -3*v + 38. Determine b(10).
8
Let i(n) = n**2 - 22*n - 459. Give i(-13).
-4
Let f(z) = 2*z**2 + 25*z - 2. What is f(-12)?
-14
Let t(l) = -156*l + 476. Determine t(3).
8
Let r(l) = l**2 + 14*l + 29. Give r(-5).
-16
Let q(n) = -n**2 + 11*n - 16. Determine q(12).
-28
Let y(l) = 3*l - 26. Determine y(11).
7
Let g(o) = o**3 + 16*o**2 + 17*o + 38. Calculate g(-15).
8
Let h(i) = 40*i + 636. Determine h(-16).
-4
Let k(m) = 3*m + 138. What is k(-48)?
-6
Let a(m) = 12*m + 3. Give a(-4).
-45
Let j(a) = -6*a**2 - a - 6. Calculate j(-2).
-28
Let j(x) = x**3 - 4*x**2 + 4*x - 2. Give j(3).
1
Let b(l) = -2*l**3 - 4*l**2 - 5*l. What is b(-2)?
10
Let y(b) = 9*b + 11. Determine y(-2).
-7
Let l(g) = g**2 + 8*g + 7. Calculate l(-5).
-8
Let y(s) = -s**3 + 13*s**2 - 12*s - 3. Determine y(12).
-3
Let x(o) = 4*o**2 - 7*o + 4. What is x(2)?
6
Let y(z) = -2*z + 66. Give y(30).
6
Let j(b) = 2*b**2 - 4*b - 15. Give j(-4).
33
Let c(q) = 14*q**2 + 15. Determine c(3).
141
Let v(x) = -3*x + 2. Give v(1).
-1
Let o(s) = -s + 9. Give o(15).
-6
Let h(c) = -c**2 + 10*c - 9. Give h(8).
7
Let k(w) = -w**3 + 4*w**2 - 2*w. Determine k(4).
-8
Let x(a) = a**3 - a**2 + 6. What is x(0)?
6
Let a(t) = -2*t**2 + 4*t - 1. Give a(4).
-17
Let y(a) = -4*a - 14. What is y(-6)?
10
Let s(n) = -3*n - 68. Determine s(-27).
13
Let t(g) = -g**3 + 7*g**2 - 14*g + 16. Determine t(5).
-4
Let f(i) = 5*i + 10. Determine f(0).
10
Let q(d) = -d**2 + 3*d - 8. What is q(4)?
-12
Let c(w) = -4*w + 6. Give c(5).
-14
Let j(w) = -24*w + 126. Determine j(6).
-18
Let o(k) = -3*k + 28. Calculate o(6).
10
Let b(y) = -14*y - 9. Determine b(-4).
47
Let x(a) = 2*a**2 + 4*a - 1. Calculate x(-4).
15
Let o(i) = -42*i - 141. What is o(-3)?
-15
Let m(h) = h + 4. Give m(-6).
-2
Let n(p) = -p**3 + 16*p**2 + 2*p - 25. Give n(16).
7
Let c(u) = 5*u - 5. What is c(-3)?
-20
Let f(r) = r**3 + 10*r**2 + 3*r - 13. Give f(-9).
41
Let s(x) = x**2 - 13*x + 11. Determine s(7).
-31
Let n(o) = o**2 + 14*o - 11. Calculate n(5).
84
Let y(l) = 13*l - 41. Calculate y(6).
37
Let j(r) = 5*r**3 - r**2 - r - 1. Calculate j(-1).
-6
Let d(f) = f**3 + 19*f**2 - 10. Calculate d(-19).
-10
Let x(j) = j**2 + 36*j + 326. Determine x(-20).
6
Let p(o) = o**2 - 1. Determine p(0).
-1
Let p(z) = -z**3 + 6*z**2 + 6*z + 1. Calculate p(6).
37
Let p(a) = -16*a - 46. Calculate p(-4).
18
Let n(y) = -2*y**3 + 15*y**2 - 17*y - 3. Give n(6).
3
Let k(z) = 3*z - 52. Calculate k(16).
-4
Let h(k) = -8*k**2 + 3. What is h(2)?
-29
Let m(o) = o**3 + 17*o**2 - 15*o + 36. Calculate m(-18).
-18
Let y(h) = h**2 + 15*h - 7. Give y(-15).
-7
Let c(z) = z**3 - 11*z**2 + 8*z - 2. Calculate c(7).
-142
Let f(w) = -w + 4. Calculate f(6).
-2
Let g(o) = 36*o + 358. What is g(-10)?
-2
Let v(w) = w**2 - 4*w. What is v(0)?
0
Let b(c) = 6*c + 1. Calculate b(2).
13
Let m(d) = -7*d**2 + 14*d + 18. Calculate m(3).
-3
Let g(y) = 2*y - 39. Give g(10).
-19
Let z(k) = -k**2 - k + 5. Calculate z(4).
-15
Let n(o) = -15*o**2 + 5*o + 1. What is n(2)?
-49
Let s(b) = -b**3 - 2. Determine s(2).
-10
Let r(y) = -8*y + 10. Give r(5).
-30
Let r(x) = -x**3 - 10*x**2 + 21*x - 42. Calculate r(-12).
-6
Let g(u) = u**2 - 38*u - 40. Give g(39).
-1
Let u(j) = -3*j + 28. What is u(10)?
-2
Let b(y) = 4*y + 16. Give b(11).
60
Let n(m) = -m**3 + m**2 + 21*m - 5. Calculate n(0).
-5
Let n(s) = 14*s + 842. Give n(-60).
2
Let j(i) = -i**2 + 3*i + 11. Calculate j(6).
-7
Let x(l) = -l**3 - 5*l**2 + 4*l. Determine x(-6).
12
Let n(i) = -i**3 + 18*i**2 + 5*i + 15. Give n(18).
105
Let i(z) = -2*z**2 - 28*z + 6. What is i(-14)?
6
Let n(x) = -x**3 - 28*x**2 + 2*x + 54. Determine n(-28).
-2
Let d(t) = t**3 - 24*t**2 + 22*t - 25. What is d(23)?
-48
Let f(k) = -k**3 + 9*k**2 + k - 9. Calculate f(9).
0
Let c(v) = -v**2 + 6*v + 1. What is c(10)?
-39
Let j(i) = -i - 3. What is j(-7)?
4
Let g(i) = 2*i**2 - 33*i - 9. What is g(17)?
8
Let d(j) = -j**2 + 22*j - 101. Determine d(5).
-16
Let x(v) = -v**3 + 10*v**2 - 13*v - 4. What is x(7)?
52
Let z(w) = -2*w**3 - 12*w**2 - 5*w - 9. What is z(-4)?
-53
Let b(m) = m**3 + 8*m**2 - 4*m. Calculate b(-8).
32
Let y(w) = 12*w - 126. Give y(11).
6
Let m(s) = s**3 + 7*s**2 + 2*s + 30. What is m(-7)?
16
Let o(z) = z**3 - 2*z**2 + 2*z - 1. Give o(1).
0
Let a(x) = -x**2 - 10*x - 15. Calculate a(-6).
9
Let y(u) = 3*u**3 + 3*u**2 + 3*u. Calculate y(-2).
-18
Let l(p) = -p**3 - 10*p**2 - 24*p - 4. Calculate l(-6).
-4
Let c(b) = -b**2 - 8*b - 23. Calculate c(-6).
-11
Let i(f) = 2*f**2 - 15*f - 9. What is i(8)?
-1
Let s(r) = -3*r - 24. Calculate s(-11).
9
Let r(m) = 13*m + 8. Give r(-3).
-31
Let z(c) = -3*c + 18. Determine z(5).
3
Let t(s) = s**3 + s**2 - 5*s - 3. Determine t(0).
-3
Let i(z) = z**3 + 11*z**2 - 17*z - 27. Give i(-12).
33
Let j(n) = 5*n + 106. Determine j(-24).
-14
Let g(m) = -4*m - 11. What is g(-5)?
9
Let x(d) = -d**3 + 2*d**2 - d. What is x(1)?
0
Let i(x) = -x**2 + 27*x - 84. Calculate i(4).
8
Let x(r) = -r**2 - 6*r + 94. Determine x(-14).
-18
Let m(b) = 172*b. Calculate m(1).
172
Let s(q) = -q**3 - 19*q**2 - 18*q - 3. Give s(-18).
-3
Let k(f) = -f**3 - 2*f**2 - 6*f + 1. What is k(2)?
-27
Let j(t) = 6*t + 33. Calculate j(-5).
3
Let o(r) = -3*r**3 - 3*r + 13. What is o(3)?
-77
Let q(h) = -9*h + 39. Determine q(4).
3
Let a(c) = c - 11. Determine a(-6).
-17
Let m(z) = -3*z**2 - 7*z - 6. Give m(7).
-202
Let v(l) = -5*l - 3. What is v(3)?
-18
Let m(g) = 116*g + 113. Calculate m(-1).
-3
Let k(c) = 